of f?
7, 11
Let c(u) = 2*u**3 - 2*u**2 + 5*u + 2. Let i be c(3). Suppose 3*g = -i + 14. Let r = g + 50. List the prime factors of r.
37
Let f be 59*3*(-15)/(-45). Let z = f + -34. List the prime factors of z.
5
Let t = 85 + -85. Suppose -z - 48 - 8 = t. Let l = z - -246. What are the prime factors of l?
2, 5, 19
Suppose 236*x - 4423396 = -564324. What are the prime factors of x?
2, 7, 73
Let f = -47788 + 113964. List the prime factors of f.
2, 11, 47
Let b = -140 - -282. Suppose -b = -u + 90. Suppose 2*o - 116 = -3*z + 58, 3*o - u = -4*z. List the prime factors of z.
2, 29
Let i(k) = k**3 + 2*k**2 + 2*k - 224. Let q be i(0). Let a = q + 357. List the prime factors of a.
7, 19
Suppose -2*w - 2*l + 7*l = 17, 14 = w + 2*l. Suppose 2060 = 5*b + 5*y, -4*b + 424 = -3*b + w*y. List the prime factors of b.
2, 3, 17
Let c(i) = -5*i**2 + 11*i + 82. Let p(q) = -5*q**2 + 13*q + 82. Let u(x) = 3*c(x) - 4*p(x). List the prime factors of u(-8).
2, 3, 5, 13
Let b(t) = 65*t - 8. Let v = 20 - 16. List the prime factors of b(v).
2, 3, 7
Suppose 29*r - 139494 = 421424. What are the prime factors of r?
2, 19, 509
Let j = -27 - -27. Let l be (29/2 + j)*1*6. Suppose -3*t + 3*x - 160 = -421, -t = x - l. List the prime factors of t.
3, 29
Let y = 9536 + -8255. List the prime factors of y.
3, 7, 61
Let x(c) = 24*c**2 + c - 1. Let z be x(-4). Suppose -3*d - 25 + 10 = 0, -2*a = 5*d - 399. Let m = z - a. What are the prime factors of m?
167
Let b(d) = 51*d**2 + 52*d + 129. What are the prime factors of b(-8)?
13, 229
Let y be (1 - 1 - -12)*(-30)/(-9). Let n = y - 37. Let g(o) = 3*o**3 + 3*o**2 + o - 3. What are the prime factors of g(n)?
2, 3
Let c(o) = -4*o - 16 + 5*o + 2*o - 5*o. Let b be c(-9). Suppose 2*j + j = f + 6, 0 = b*f + j - 16. What are the prime factors of f?
2, 3
Suppose t = -0*t + 9. Let f be (t - 11) + (3 - 1)/2. Let n(k) = -13*k - 2. List the prime factors of n(f).
11
Let i(l) = 2868*l - 154 - 1399*l - 1655*l. List the prime factors of i(-4).
2, 5, 59
Let s = -197 + 204. What are the prime factors of (-248)/(-2) + s + -8?
3, 41
Let n(s) = s**2 - 7*s + 7. Let d be n(2). Let p be (-298)/d*(-90)/(-60). Suppose 4*k - 199 - p = 0. What are the prime factors of k?
3, 29
Let d(u) = 67*u**2 - 107*u - 69. List the prime factors of d(13).
7, 1409
Let z be 6 - (16 + -6) - -7. Suppose 0 = -z*i - 18*i + 10290. What are the prime factors of i?
2, 5, 7
Suppose -236*o + 2193379 - 882515 = -1785928. What are the prime factors of o?
2, 3
Suppose -38 - 142 = 12*y. Let z(s) = s**3 + 13*s**2 - 36*s + 23. List the prime factors of z(y).
113
Suppose 2191 = 4*p + 431. Suppose -7*n + 3*n - p = -2*c, c = n + 111. Let h = n + 184. What are the prime factors of h?
3, 5
Let q = 7311 + -2069. What are the prime factors of q?
2, 2621
Let n(c) = 0*c**2 - 2*c**2 + 3*c**2 + c + 2*c. Let z be n(-10). Suppose 3*j - z = 2*j - 5*x, 2*j - 130 = -5*x. What are the prime factors of j?
2, 3, 5
What are the prime factors of ((-3)/7)/(80550/5754 - 14)?
3, 137
Let p(z) = 413*z + 141. What are the prime factors of p(5)?
2, 1103
List the prime factors of ((-6)/(-9))/((1126557/(-1126575) - 5) + 6).
5, 1669
Let p(u) = u - 191. Let j be p(0). Suppose -3*s - 837 = w, -28*w = 4*s - 24*w + 1124. Let t = j - s. What are the prime factors of t?
3, 29
Suppose 2*c + 7283 = 5*x, -2914 = -2*x - 169*c + 170*c. List the prime factors of x.
3, 5, 97
Let v(u) = 13*u**2 - 275*u + 99. List the prime factors of v(52).
7, 41, 73
Let h(w) = 10*w**2 - 2*w + 16. Let k be ((-7)/(-2))/(29/(-58)). List the prime factors of h(k).
2, 5, 13
What are the prime factors of (-3)/57*2 + 110853990/3705?
2, 5, 11, 17
What are the prime factors of 960/(-144)*(-11016)/10?
2, 3, 17
Suppose 0 = 5*l + 3*q - 94684, 2*l + 87*q - 37885 = 82*q. List the prime factors of l.
5, 7, 541
Suppose -20 = -11*c + 2. Suppose 0 = -3*b - 4*h + 1163, -2*h + c = -4*h. What are the prime factors of b?
389
Let l(j) = 2059*j - 86. List the prime factors of l(1).
1973
Suppose 46835 = -968*f + 1003*f + 9525. What are the prime factors of f?
2, 13, 41
Suppose -2*s - 1819 = 5*r, -4*s - 2*r = -702 + 4316. Let l be s/(-3) - (-5 + (-68)/(-12)). Suppose -p = -7*p + l. List the prime factors of p.
2, 5
Let w = 1275 + -653. Let u = -212 + w. List the prime factors of u.
2, 5, 41
Let o = 148531 - 101438. List the prime factors of o.
47093
Let z = 55 + -58. Let y be 1821 - (-2 - z)*1. Suppose 10*j = -0*j + y. What are the prime factors of j?
2, 7, 13
Let p(a) = -11*a**2 - a + 5. Let j(k) = -k**2 + k. Suppose h - 9 = 4*x, 0 + 6 = -2*x. Let r(z) = h*j(z) - p(z). List the prime factors of r(4).
211
Let t be (-2 - -258) + (-2 - -3)*4. Suppose 6020 = 16*i + t. List the prime factors of i.
2, 3, 5
What are the prime factors of -3 - -23476 - 1/(-1 + 2)?
2, 3, 163
Let w(o) = -16*o**3 - 49*o**2 + 8*o - 2. List the prime factors of w(-10).
2, 7, 787
Suppose 3*g + 3*f = 104598, 119*g - 2*f = 115*g + 139440. What are the prime factors of g?
2, 17431
Let f be (135/9)/(-1 - 0). Let r(p) = -18*p - 6. Let c be r(f). Suppose 0 = 3*w - 3 - 6, 4*w = -3*m + c. What are the prime factors of m?
2, 3, 7
Let o be (-1 - 1) + (2 - (2890 - 2)). Let z = o + 4425. List the prime factors of z.
29, 53
Let k = 10467 + 65517. List the prime factors of k.
2, 3, 1583
Suppose 4*q - 3*q = -4*p + 7993, 0 = 3*p - 4*q - 5990. What are the prime factors of p?
2, 3, 37
Suppose -6*l + 5*v = -2*l - 30, -2*l - 4*v + 2 = 0. Let f be 2 + (107 - 1) + 3. Suppose 4*s + f = 2*a + l*s, 4*a - 2*s - 242 = 0. List the prime factors of a.
2, 29
List the prime factors of 185/(-30)*-354*1/1.
37, 59
Let m(u) = -u**2 - 2*u + 10. Let y be m(3). Let k(p) = 2*p**2 - 3*p + 10. Let q be k(y). Suppose 45 = d - q. List the prime factors of d.
2, 3, 5
Let m be -132*(15/(-10) - 3/(-4)). Suppose -m + 267 = 6*x. What are the prime factors of x?
2, 7
Let v = -127384 + 196647. What are the prime factors of v?
69263
Let q(s) = -25 + 49 - 17 - 27 - 94*s. Let l be q(-5). Suppose 6*z = -l + 1116. What are the prime factors of z?
3, 37
Suppose -5869*o = -5871*o + 45414. What are the prime factors of o?
3, 29
Let q = 161850 - 39937. What are the prime factors of 6/(-16) + q/88?
5, 277
Suppose -137760 = 35*p - 65*p. What are the prime factors of p?
2, 7, 41
Suppose 0 = 4*o + d - 13, 2*d + 1 + 9 = o. Let n(c) = -3*c - 712 - o*c + 706. List the prime factors of n(-2).
2
Let l be -2 - (5 - 7)*2. Suppose 5*j + 5 = 0, l*i + 3*j = 7*j + 348. List the prime factors of i.
2, 43
Let c = -86 + 8. List the prime factors of (-17583)/(-27) + 2 + c/351.
653
Let b(m) = 2*m + 54. Let k be b(-28). Let c(i) = -2*i**2 - 4*i. Let l be c(k). Suppose -s = 2*d - 145, l*d = -4*s - 5*d + 595. What are the prime factors of s?
5, 31
Suppose 34*c + 10*c = 72*c - 375872. What are the prime factors of c?
2, 839
Let r(s) be the third derivative of s**5/3 - 5*s**4/24 + 16*s**3/3 + 326*s**2. List the prime factors of r(-8).
2, 13
Suppose -n - 11788 = -4*o, 3*o + 4*n - 8616 = 244. What are the prime factors of o?
2, 11, 67
Let h be (6 + -332)*(-8)/4. Let a = h - 35. List the prime factors of a.
617
Suppose 5*g - 2*s + 7*s - 4285 = 0, 3*g - 3*s - 2595 = 0. Let m = g + -225. List the prime factors of m.
2, 3, 53
Suppose 37*p + p - 1330076 = -0*p. What are the prime factors of p?
2, 11, 37, 43
What are the prime factors of (4 + (-5 - -2))/(2/3422)?
29, 59
Suppose 0 = -164*c - 334*c + 18382674. List the prime factors of c.
36913
Let c(p) = 15*p**2 + 2*p + 1. Let i be c(-1). Let y(k) = k**2 - 16*k + 13. Let g be y(i). List the prime factors of (-4)/(-30) + (-1018)/g.
2, 17
Suppose 4*l + 147436 = 2*f, 5*l - 159 + 204 = 0. List the prime factors of f.
2, 5, 11, 67
Let u(a) = -2*a**3 + 26*a**2 + 2*a + 7. Let y(x) = -x**2 - 5*x + 7. Let q be y(-2). What are the prime factors of u(q)?
3, 11
Suppose -2*v = -4*i + 12, 0 = -3*i + 5*i + 3*v - 6. Let h be 101 - ((-100)/(-36) - 4/(-18)). Suppose j - i*j + h = 0. What are the prime factors of j?
7
Let i(u) = 10*u - 46. Let b be i(19). Suppose 2048 = 2*y + b. List the prime factors of (11/(-4))/((-34)/y).
7, 11
List the prime factors of ((-1346975)/86)/(-25) - 1/2.
2, 313
Let m(s) = -57*s + 149. Let r be m(10). Let x = r + 775. List the prime factors of x.
2, 3, 59
Let m = -1261 - -304. Let t = 172 - m. List the prime factors of t.
1129
Suppose -61